+ 2. Let z be a(6). Suppose 2*h = 5*h + 5*o - 71, -4*o - 106 = -5*h. What is the highest common divisor of z and h?
22
Let k(j) = -j**3 + 20*j**2 - 8*j - 54. Let c be k(19). Calculate the greatest common divisor of 124 and c.
31
Suppose 3*b = 9, -5*n - 3*b + 32 = b. Suppose -4*y - 5 + 50 = -3*h, -n*y - 2*h + 70 = 0. Suppose -73 + 238 = k. Calculate the greatest common factor of k and y.
15
Suppose -5*s - 30 = -3*d + 27, 0 = -4*d - 3*s + 47. What is the highest common divisor of d and 147?
7
Let p = 25 - 38. Let q(l) = -4*l - 20. Let i be q(p). Calculate the highest common factor of i and 48.
16
Suppose 3*t + t + 120 = -4*d, -91 = 3*t + 4*d. Let x = -38 - t. Let n be (x/(-5))/(3/20). What is the highest common factor of 84 and n?
12
Let z(h) = 4*h**2 - 38*h + 20. Let p be z(10). Calculate the greatest common divisor of p and 180.
20
Let s be (0 - 0) + 3 + 2 + 1. What is the highest common divisor of s and 117?
3
Let w be 140/(-175) + (-188)/(-10). What is the highest common factor of w and 16?
2
Suppose -66 = 3*i - 4*s, 0 = i + s - 0*s + 15. Let j = -14 - i. What is the highest common divisor of 2 and j?
2
Let h(b) = -27*b + 339. Let t be h(-12). Calculate the highest common factor of t and 68.
17
Let t = 209 - 191. What is the greatest common divisor of t and 4?
2
Let o be -6*8/24 - -7. What is the highest common divisor of o and 145?
5
Let h = 27 + -10. Suppose 4*s - 5*s = -2*f + 36, -3*f = -5*s - 61. What is the greatest common factor of h and f?
17
Suppose 36 = 37*z - 1. What is the highest common divisor of z and 23?
1
Suppose -652*m = -672*m + 3520. Let z = -67 + 46. Let p = -5 - z. What is the highest common divisor of p and m?
16
Let d(v) = v**3 - 3*v**2 - 5*v - 28. Let u be d(8). What is the greatest common factor of u and 28?
28
Suppose 4*t = -2*g - 66, -5*t + g - 54 = 39. Let o = t - -30. Let u = 21 - o. Calculate the highest common divisor of u and 9.
9
Suppose 12 = -7*p + 19. Calculate the highest common factor of p and 11.
1
Let h be -3 + 8 + 0 + (720 - 4). Calculate the highest common divisor of h and 14.
7
Suppose 2*l + 22*l = 4200. Calculate the greatest common factor of 7 and l.
7
Let n(u) = -u**2 - 32*u - 185. Let i be n(-9). Calculate the greatest common factor of 484 and i.
22
Let t be 96/5*(9 + -4). What is the greatest common divisor of t and 120?
24
Let k(u) be the third derivative of u**5/60 - 5*u**4/24 + u**3 + 6*u**2. Let m be k(4). Let q = 4 - m. What is the highest common divisor of q and 2?
2
Let c be (1 - 3)*((-39)/6)/1. What is the greatest common divisor of 247 and c?
13
Suppose -5*u + 205 = -0*u. Suppose u = 3*o - 2*r, o - 2*r = -3*o + 56. Suppose g - 165 = -0*g. What is the highest common factor of o and g?
15
Let h be (0/(-2) - 1)/(5/2465). Let g be 4/(-6) + h/(-51). What is the highest common factor of 72 and g?
9
Let g(t) = 7*t**3 - 12. Let u be g(2). What is the greatest common divisor of 462 and u?
22
Let s(v) = v**2 + v - 9. Let w be s(6). What is the greatest common factor of 33 and w?
33
Suppose -67 = -a + 21. Let d be a/6*(-24)/(-16). What is the greatest common factor of 11 and d?
11
Suppose -44 = -4*k - 4*c, -k - 2*k + 4*c = -12. Let o = 27 - k. What is the greatest common divisor of o and 171?
19
Suppose 3*i - 15 = -0*i - x, 25 = 5*i - 4*x. Suppose 0 = -w - i*q + 87, -w + 2*q = -4*w + 274. What is the highest common divisor of w and 230?
46
Let h(n) be the first derivative of n**3 + n**2/2 + 10. Let i be h(3). What is the highest common divisor of 120 and i?
30
Suppose -6*g + 197 + 31 = 0. What is the highest common divisor of g and 950?
38
Let w be -1*(-21)/(5 - 2). Suppose w = y + 22. Let c(f) = -2*f - 21. Let m be c(y). Calculate the highest common factor of 72 and m.
9
Suppose 2*l = -l + 5*q + 2588, -3474 = -4*l - 5*q. Let w = 1217 - l. Suppose 3*k = -0*k + w. Calculate the greatest common factor of k and 13.
13
Let c = 707 + -323. Calculate the greatest common factor of 36 and c.
12
Let i = -62 - 8. Let l = 98 + i. Suppose -15*j + 334 + 86 = 0. Calculate the greatest common factor of l and j.
28
Suppose 0 = -4*g + 5*q + 175, g + g = -3*q + 71. What is the highest common divisor of g and 340?
20
Let r = 753 + -681. Calculate the greatest common factor of r and 45.
9
Let j(k) = -k**2 - 30*k - 89. Let f be j(-26). Suppose -2*u + 22 = -5*b, 5*b - 44 = -4*u + 4*b. Let g = f - u. Calculate the highest common factor of g and 20.
4
Let u = -129 + 192. Let p be 2/2 - -52*13/26. What is the greatest common divisor of u and p?
9
Suppose -2*l + 36 = -10. Let q(y) = 9*y - 4. Let m be q(3). What is the greatest common divisor of l and m?
23
Let h(u) = 9*u**2 + 4*u - 20. Let v be h(5). Calculate the greatest common factor of v and 50.
25
Let n(j) = 2*j**3 + 21*j**2 + 3*j - 4. Let a be n(-10). Calculate the highest common factor of 33 and a.
33
Let o be (4/5)/((-7)/(-35)). Let k(s) = -s**3 + 5*s**2 + 3*s - 9. Let z be k(o). Calculate the greatest common factor of z and 19.
19
Let p be ((-6)/3)/2 - -4. Let q = p - -5. Let s(x) = x**3 - 15*x**2 + 14*x + 1. Let h be s(14). What is the highest common factor of h and q?
1
Let q be -4 + -1 + (5250/6 - -12). Calculate the highest common factor of q and 49.
49
Let q = 778 + -718. Let c(l) = 3*l + 6. Let i be c(6). What is the highest common factor of i and q?
12
Suppose 79 - 414 = -5*g. Let f = g + -45. Suppose 4*q - 11 = -t, 0*t + 4*q = 2*t - f. Calculate the greatest common factor of 77 and t.
11
Let s = -79 - -343. Suppose 105 + s = 3*p. What is the highest common divisor of p and 82?
41
Let l(n) = 3*n**2 + n - 7. Let g be l(-3). What is the highest common factor of 136 and g?
17
Suppose -f + 2*a + 3*a - 15 = 0, 15 = 5*f + 5*a. Suppose 0 = -f*r - 5*r + 105. Calculate the highest common factor of r and 7.
7
Suppose 2*d - d = 2*m + 4598, -6 = -3*m. Calculate the highest common divisor of d and 26.
26
Suppose 252 = -632*q + 639*q. Calculate the highest common divisor of 28 and q.
4
Suppose 4*w - 10 - 6 = 0. Suppose -2*a + 2*i = -w*a + 4, -4*i - 16 = -2*a. Suppose a*x = 5*x - 12. Calculate the greatest common divisor of x and 8.
4
Let w be 33*1 + (-1 + -2 - -4). Let g = 4 + w. Calculate the highest common divisor of g and 95.
19
Let r be 158/20 - (14 - (-2115)/(-150)). What is the greatest common factor of r and 8?
8
Let a be 19 - -1*(1 + -2). Let t be 2/9 - (-1160)/45. Let w = t + -14. What is the greatest common divisor of w and a?
6
Let x = -830 + 1328. Calculate the greatest common divisor of x and 6.
6
Let m(b) = b**2 + 6*b - 25. Let y be m(-12). Calculate the highest common divisor of 188 and y.
47
Suppose -5*a - 3*m = -0*a - 287, 4*m = -2*a + 126. Suppose 2*u = 26*u - 1056. What is the greatest common divisor of u and a?
11
Suppose 5*g = -4*a + 219 + 209, -3*a = 4*g - 342. Let d be (4/(-2))/((-24)/g). Calculate the greatest common divisor of 49 and d.
7
Let u(l) = -l**3 - 4*l**2 + 3*l + 9. Let v be u(-6). Suppose 5*i = 82 + v. What is the highest common factor of i and 29?
29
Suppose -6 = j + 6. Let l = j + 12. Suppose l = 5*c - c - 168. Calculate the greatest common factor of 14 and c.
14
Let m = 40 - 19. Suppose -182*c - m = -185*c. Suppose -71 = -3*w - 8. Calculate the greatest common divisor of w and c.
7
Suppose -33*g + 15*g = -216. What is the greatest common divisor of g and 20?
4
Let q = -721 + 753. What is the greatest common divisor of 272 and q?
16
Let u be (-8)/((-64)/30) + (-2)/(-8). Suppose 8 = -u*w, h - w - 14 = w. What is the greatest common divisor of 2 and h?
2
Suppose -5*k + 41 = -349. What is the greatest common divisor of k and 156?
78
Let k(m) = -m**3 + 7*m**2 + 5*m - 3. Let x be k(7). Let c be 3 + (28 - (-4 + 3)). Suppose 0 = -4*z - 0*z + c. Calculate the greatest common divisor of z and x.
8
Suppose 3*m - 55 = 2*m. Suppose -7*v + 3*v = -12. Suppose 3*f - 2*f - 4*l - 2 = 0, -61 = -v*f + l. Calculate the highest common factor of f and m.
11
Let s(z) = 4*z**2 - 6*z - 2. Let m be s(4). Suppose m*i = 34*i + 360. What is the highest common divisor of 36 and i?
18
Suppose -3*b + 3863 = 4*m, -4*b = -3*m + b + 2861. Calculate the greatest common factor of m and 74.
74
Suppose -4*i - 102 = -6*i. Suppose 13*u - 10*u = i. What is the highest common divisor of u and 17?
17
Let u be 68/(-3)*(-11)/(11/6). What is the greatest common divisor of u a